f 10 and q?
10
Suppose 4*q + 4*g + 0*g + 600 = 0, 5*g = -15. Let p be 1/(-3) - q/9. What is the greatest common factor of p and 24?
8
Suppose 8*l - 45 = 3*l - 2*s, 3*l + s = 26. Suppose 6*b - 43 = -l. Suppose 9 + 36 = 3*g. What is the highest common divisor of g and b?
3
Suppose -4*l - 3*f = -3*l - 7, 4*l = f + 15. What is the greatest common factor of l and 32?
4
Suppose 5 + 3 = 4*y. Let w(d) = -6*d - 12 + y*d + 2*d. Let o be w(-9). Calculate the greatest common divisor of o and 30.
6
Suppose -3*j - j + 36 = 4*d, 3*j + d - 33 = 0. What is the highest common divisor of 300 and j?
12
Suppose 5*q = 5*m - 165, 4*q = -7*m + 9*m - 72. Calculate the highest common divisor of 435 and m.
15
Let o be 510/25 - (-24)/(-60). Calculate the highest common divisor of o and 110.
10
Let c = -2736 - -2749. Let l(r) = -16*r - 6. Let b be l(-6). Let t = b + 14. Calculate the greatest common divisor of t and c.
13
Let a(k) = -k**2 - 16*k - 38. Let u be a(-12). Calculate the highest common divisor of u and 205.
5
Let z be -9*(-1*2 + 10 + -13). What is the highest common factor of 252 and z?
9
Let b be 2/((-6)/(-2945 - 7)). What is the greatest common factor of 24 and b?
24
Suppose -5*c - 4*h = -15 - 37, -2*h + 14 = c. What is the greatest common factor of c and 984?
8
Let p be (-4)/22 + 92/22. Suppose 16 = u + p. Let g be 2 + (-10)/(-3)*3. What is the greatest common divisor of u and g?
12
Let w be (-8)/(-3)*(-9)/(-6). Suppose 0 = w*d - 315 - 137. Let t = d - 68. Calculate the greatest common factor of t and 15.
15
Let z be (-140)/(-30) + (-1)/(-3). Suppose -336 = -z*p + p. Suppose 2*r + 0 - 38 = -t, -5*r + p = -3*t. What is the greatest common divisor of r and 3?
3
Let c = -1380 - -1452. Suppose 4*u = 0, 0 = 5*v + 4*u - 8*u - 480. What is the greatest common divisor of v and c?
24
Let q = 0 + 4. Let z(v) = 14*v**2 - 83*v - 4. Let m be z(6). Suppose -m*f = -4*o + 28, q*o - o - f - 22 = 0. What is the highest common factor of 24 and o?
8
Let d(v) = 34*v + 355. Let g be d(-8). What is the greatest common divisor of 83 and g?
83
Let f(g) = 6 - g - 4*g**2 + 5*g**2 - 11. Let t be f(4). Calculate the greatest common factor of t and 7.
7
Let d(c) = c**3 + 8*c**2 + 5*c + 3. Let n be d(-6). Let z = -115 - -145. Calculate the highest common divisor of z and n.
15
Let s(i) = 36*i**2 + 10*i + 12. Let g be s(-3). Calculate the greatest common factor of 18 and g.
18
Let w = 23 + -5. Let o = 35 - w. Calculate the highest common divisor of 119 and o.
17
Let a = -401 - -441. What is the highest common factor of 120 and a?
40
Let n be (-18)/21 - (-1770)/105. Calculate the highest common factor of n and 14.
2
Let l be (-2 + -1)/(9/6). Let i be (l + (-5)/(-2))*14. Let w be (10/(-8) + -1)*-28. Calculate the greatest common divisor of i and w.
7
Let i = 19 + -13. Suppose j = i*j. Let m(b) = -b**3 - b**2 - b + 3. Let l be m(j). Calculate the highest common divisor of l and 33.
3
Let f be (-5)/20 + 35/(-4). Let j(h) = h**2 + 9*h - 3. Let l be j(f). Let n be (-12)/9 + (-22)/l. What is the greatest common divisor of n and 18?
6
Suppose 0 = 3*p - 3*v - 702 - 2388, 2*v + 4112 = 4*p. What is the greatest common divisor of p and 54?
54
Let n be -94 - (4 + 1/(-1)). Let s be (-6)/18*(n - -1). Calculate the greatest common factor of 8 and s.
8
Let o(f) = -2*f**3 - 11*f**2 + 4*f - 8. Let r be o(-6). Suppose 34*q = 35*q - r. What is the greatest common divisor of 8 and q?
4
Suppose -2 = 3*v - 38. Let l(f) = -f**3 + 15*f**2 + 20*f - 16. Let i be l(16). Calculate the greatest common factor of v and i.
12
Let h(k) = -35*k - 11. Let r be h(2). Let o = -72 - r. What is the highest common factor of 21 and o?
3
Let i = 332 + -244. Calculate the highest common divisor of i and 55.
11
Suppose -15*t + 1168 = -3182. What is the highest common factor of 40 and t?
10
Suppose -q = 3*k - 133, 2*k - 3*q + 2 - 98 = 0. Let m(d) = 14*d + 4. Let f be m(1). What is the highest common factor of k and f?
9
Let j(u) = -2*u - 3. Suppose 0 = -4*f + 3*f - 4. Let c be j(f). Suppose c*r - 2*r - 48 = z, 0 = r - 2*z - 11. Calculate the highest common divisor of 17 and r.
17
Suppose -3*c = c + 12. Let v be (0 - c) + 0/1. Let o be 2 + (4 - v)/(-1). What is the highest common factor of o and 2?
1
Suppose 29*c - 2*c - 2322 = 0. What is the greatest common factor of c and 2?
2
Let u be (-4)/(-3) - 606/(-18). Let m be (63/u)/((-6)/(-20)). Let x be 64/m + (-4)/(-12). What is the greatest common divisor of 11 and x?
11
Let g(l) = 16*l**2 - 2*l + 2. Let i be (-68)/34 - ((-4)/2)/(-2). Let a be g(i). Calculate the greatest common factor of a and 19.
19
Suppose -42*o = -33*o + 234. Suppose j = 4*l + 694 + 159, -l = 4*j + 209. Let c = o - l. Calculate the greatest common factor of 17 and c.
17
Let h(k) = k**2 + 12*k + 8. Let g be h(-12). Suppose 3*t + g = 188. Suppose 5*c = 10 + 110. Calculate the highest common factor of c and t.
12
Let l be ((-135)/10)/(-9) - 5/(-2). Suppose -4*u - l*a + 0*a = -428, -429 = -4*u - 3*a. What is the highest common divisor of u and 36?
36
Let a be 34/12 - (-1)/6. Suppose 0 = 3*g - a*q - 21, 7 - 29 = -4*g + q. What is the greatest common factor of g and 35?
5
Suppose 0 = n - 0*d + 4*d - 15, 3*d - 9 = 0. Calculate the greatest common divisor of n and 15.
3
Let r be -3605*(-6 - 203/(-35)). What is the greatest common factor of r and 28?
7
Let r(m) = 16*m. Let a be r(1). Let k be -12*(20/a + -2). What is the highest common divisor of 27 and k?
9
Suppose -6*g + 8*g = 3*c + 81, 0 = -4*g + 4*c + 152. Calculate the greatest common factor of g and 462.
33
Let z(y) = 6*y**2 + 29*y + 13. Let r be z(7). What is the highest common factor of r and 20?
10
Let k(o) = -18*o - 280. Let d be k(-17). Let i be (-1)/(3/((-468)/2)). What is the highest common factor of i and d?
26
Suppose -4507 = -8*d + 1797. Suppose -9 = -2*o - o. Suppose -284 = o*w - d. Calculate the highest common factor of 24 and w.
24
Let u(z) = z**2 - 31. Let f be u(8). Calculate the greatest common factor of 44 and f.
11
Let r = 398 - 387. Calculate the highest common divisor of 198 and r.
11
Let i be (1 + -1)/(-1 + 2). Suppose 11*f - 5*f - 60 = i. Calculate the greatest common factor of 5 and f.
5
Suppose 3*b = -5*x + 128, -4*b + 5*x - 10*x + 179 = 0. Calculate the greatest common divisor of b and 51.
51
Let v = 56 - 8. Let t be 8*(1 - 5)*(-30)/v. Calculate the highest common factor of 70 and t.
10
Suppose 0 = -3*o - 62 + 242. What is the greatest common factor of o and 160?
20
Let c be (6 + (-85)/15)/((-1)/(-285)). Let h(o) = -7*o + 3. Let a be h(-5). Calculate the highest common divisor of a and c.
19
Let p = 27 + -17. Suppose -3*n = -2*n + r - 3, p = -5*r. Suppose 22 = 4*u + n*j, -5 = -5*u + 2*j + 3*j. What is the highest common factor of 12 and u?
3
Let z = -803 - -907. Calculate the greatest common factor of z and 364.
52
Let w(z) be the first derivative of -z**4 - z**3/3 + z**2/2 + z - 6. Let m be w(-1). Suppose 0 = m*c + c - 500. Calculate the highest common factor of 25 and c.
25
Let n(j) = 6*j**2 + 9*j + 3. Let i be n(3). What is the greatest common factor of i and 735?
21
Suppose 3*z - 19*x + 22*x - 78 = 0, -2*z = x - 56. Let u = 179 + -59. What is the highest common factor of z and u?
30
Let q be 24/32 - 3/(-12). Calculate the highest common divisor of 1 and q.
1
Let r be (-1*28/6)/(61/(-1098)). Calculate the highest common factor of r and 42.
42
Let c(a) = -6*a - 45. Let k be c(-9). Suppose k*i - 70 = 146. Calculate the greatest common factor of i and 32.
8
Let k be -2 + (-419)/(-5) - (-55)/275. Calculate the highest common factor of 1271 and k.
41
Suppose 22*r = 21*r + u + 782, 2345 = 3*r - 4*u. Calculate the highest common factor of 81 and r.
27
Let l(n) = -n**3 - 4*n**2 - 10*n - 14. Let o be l(-6). Suppose 6*q + o = 1144. Calculate the greatest common factor of 19 and q.
19
Let v(w) = 6*w - 84. Let l be v(20). Suppose 4*r - 2*a - 26 = 0, 4*r + 3*a - 1 = -0*a. Suppose -m + 0 = -r. What is the highest common divisor of m and l?
4
Suppose -2*k = -2*i - 8, 3*k + i = -1 + 9. Let h be 1992/18 - 2/k. What is the greatest common factor of 22 and h?
22
Suppose -4*f = r - 23 - 1, -4*r + 41 = 5*f. Let b be 1 + -4 + (-35)/(-7). Let n be (-321)/(-9) - b/3. What is the greatest common divisor of f and n?
5
Suppose 3*t + 11*h = 107, 2*h - 98 = -4*t + 2*t